te the remainder when 18 is divided by -9*((-48)/9)/4.
6
Suppose 5*y + 138 = 3*i, 7*i - 3*i + 5*y = 184. Calculate the remainder when i is divided by 24.
22
Calculate the remainder when 1 + ((-124)/10)/((-4)/20) is divided by 25.
13
Suppose -546 = -26*f + 13*f. What is the remainder when f is divided by 16?
10
Let m = 6 + 9. Let v(w) = 7*w - 41. Calculate the remainder when m is divided by v(7).
7
Let h = 18 - 31. Let k = -6 - h. Suppose m + k = 30. What is the remainder when m is divided by 12?
11
Let u(q) = q**3 + 7*q**2 - q + 1. Suppose 5*i = 20, -15 = 5*g + 9*i - 4*i. Calculate the remainder when 21 is divided by u(g).
5
Suppose -3*b + 64 = 37. Suppose 5*h = -3*j + 74, -3*j = -0*j - h - 104. What is the remainder when j is divided by b?
6
Let m = -8 - -12. Suppose 13 = -3*b + 76. Suppose 0 = 3*q - 0*q - b. Calculate the remainder when q is divided by m.
3
Suppose 2*u + 2*y + 6 = -2*y, 3*y + 17 = u. What is the remainder when 10 is divided by u?
0
Let p(w) = -w + 3. Let t be p(-3). Calculate the remainder when 35 is divided by 175/15 + 2/t.
11
Let p = 8 + -2. Suppose -2*d + 4*d = p. Suppose 0 = -d*z + 60 + 51. Calculate the remainder when z is divided by 10.
7
Let g be -8*(3 + (-7)/2). Suppose 4*w - 6 = 10. Calculate the remainder when w is divided by 1/((-2)/g*-1).
0
Suppose 7*f - 76 = 50. Calculate the remainder when 71 is divided by f.
17
Let b = -100 - -146. Calculate the remainder when 137 is divided by b.
45
Let s(g) = 3*g**2 - 15*g - 3. What is the remainder when s(7) is divided by 20?
19
Calculate the remainder when 94 is divided by (-3)/(-4)*(-2 - -34).
22
Let l(v) = 2*v**3 - 3*v**2 + 8*v - 1. Calculate the remainder when 56 is divided by l(2).
18
Let t(k) = 6*k**3 + 2*k**2 + k - 2. Let n(d) = -2*d + 2. What is the remainder when n(-5) is divided by t(1)?
5
Let g(k) = -6*k - 3. Let l = 9 - 7. Suppose y + 2*f = 4*y - 77, -l*y + 5*f = -55. What is the remainder when y is divided by g(-2)?
7
Let a(i) = -i**3 - 3*i**2 - 2*i - 2. Let u(r) = r**3 + r**2 + r. Let d(v) = a(v) + 2*u(v). Calculate the remainder when 46 is divided by d(3).
14
Suppose 6*i - 408 = 414. Calculate the remainder when i is divided by 28.
25
What is the remainder when (2/4)/(2/116) is divided by 16?
13
Let x(w) = w**2 - 5. Suppose 3*i - 118 = -5*n, 3*n - 2 = i - 18. Suppose -2*l + i = -l. What is the remainder when l is divided by x(4)?
9
Let o = -553 + 780. Let u = o + -125. Calculate the remainder when u is divided by 26.
24
Suppose 3*j + 2 = j. Let b = 21 - j. What is the remainder when 41 is divided by b?
19
Let n(u) = -u**2 - 9*u - 6. Let o be n(-8). Suppose -5*j + j + 8 = 0. Calculate the remainder when 21 is divided by -1*o - -15 - j.
10
Suppose 4*m = -3*m + 21. Let n = 41 - m. Calculate the remainder when n is divided by 10.
8
Let g be (27/2)/((-1)/(-2)). Let h = g + -11. What is the remainder when h is divided by 9?
7
Suppose -2*p + 2*t + 82 = 0, -2*t - 2 = 2. Calculate the remainder when p is divided by 8.
7
Calculate the remainder when 6 is divided by 4/(-1)*1/(-2).
0
Let v(s) = -s**2 + 7*s - 8. Let o be v(7). Let w = 21 + o. Let x = -10 - -33. Calculate the remainder when x is divided by w.
10
What is the remainder when (-377)/(-87) - (1 - 2/3) is divided by (2/(-3))/((-1)/3)?
0
Let l be (-6 + 3)/3 + 6. What is the remainder when ((-4)/l)/(2/(-20)) is divided by 5?
3
Let m = -60 - -27. Calculate the remainder when (m/6)/(1/(-6)) is divided by 12.
9
Suppose 2*x + 24 = 6*x. What is the remainder when x is divided by 3?
0
Let f(k) = 8*k + 10 + 2*k**2 + 5*k**2 - 6*k**2. Let m be f(-7). Suppose m*g + 51 = 3*i, -i = -2*g - 11 - 10. Calculate the remainder when 37 is divided by i.
11
Let j(b) = -b**2 + 9*b - 3. Let g be j(6). Let t(k) = k**3 + 5*k**2 + 2*k + 3. Calculate the remainder when t(-4) is divided by g/2 + 3/(-2).
5
Let h = 4 - 3. Let j be 1/(-2)*-36*h. Suppose -2*u = -4*z - 32, 4*u = -2*z + j + 36. What is the remainder when u is divided by 5?
4
Let g(o) = -o**2 + 10*o - 3. Let q = -8 - -16. Calculate the remainder when g(5) is divided by q.
6
Let t(u) = u + 132. Let o be t(0). Suppose 0*g - 3*g = -o. What is the remainder when (-3)/(-1 + 38/g) is divided by 8?
6
Let f = 162 - 112. Suppose 3*l - f = 2*l. What is the remainder when l is divided by 13?
11
Let f be (30/35)/(1/14). Let u = 20 - f. Suppose -5*l + 99 - 24 = 0. Calculate the remainder when l is divided by u.
7
Suppose 17 = 3*b - 16. Let d(k) = k**3 - 5*k**2 + 5*k - 4. Calculate the remainder when d(5) is divided by b.
10
Calculate the remainder when 8 is divided by (-8)/4*(-5)/2.
3
Let x(f) = -f**3 + 5*f**2 + 8*f - 7. What is the remainder when 9 is divided by x(6)?
4
Let s(l) = -l**2 - 9*l - 4. Let f = -4 + 6. Suppose -4*y + f = -22. Calculate the remainder when s(-4) is divided by y.
4
Suppose -1098 = -5*u - x, 5*x - 318 - 112 = -2*u. Suppose 6*f = f + u. Calculate the remainder when f is divided by 15.
14
Let i = 34 + -20. Suppose d = -3*x + 27, 5*x - 55 = -4*d - d. Calculate the remainder when i is divided by x.
6
Suppose o = -o + 78. Suppose -5 = -y - 3*b, 2*y + 15 = b + o. What is the remainder when y is divided by 4?
3
Let j = 57 + -18. Suppose -2*n + j = n. Calculate the remainder when n is divided by 8.
5
Let p(w) = 6*w**2 + 4*w - 2. Calculate the remainder when 88 is divided by p(2).
28
Let p(m) = 9*m**2 + 4*m - 1. Let j be p(-3). Suppose -j = -7*n + 3*n. Calculate the remainder when 67 is divided by n.
16
Suppose -3*y - 5*s + 1 = y, -2*s + 14 = 5*y. Suppose 3*x - 6 = -g, y*x = g + 2*x - 31. Let n = 38 - g. Calculate the remainder when 50 is divided by n.
16
Let g(o) be the second derivative of 3*o**3/2 + 4*o**2 + o. Calculate the remainder when g(9) is divided by 23.
20
What is the remainder when 44 is divided by (4/(-6))/(-1) + 25/3?
8
Suppose 48 = 4*r - 9*r - 4*l, 0 = -2*r - 2*l - 18. Let d = r - -8. Calculate the remainder when 14 is divided by (-31)/d + (-2)/(-8).
6
Let t(i) = 2*i**3 - 7*i**2 + 9*i - 2. Calculate the remainder when t(4) is divided by 13.
11
Let c be 1/2*6/3. Let i(r) = 18*r - 1. What is the remainder when 32 is divided by i(c)?
15
Let p = 1 - -1. Let b(w) = 5*w**2 - 4*w**2 - 3 + 0*w**p + 5*w. Calculate the remainder when 4 is divided by b(-6).
1
What is the remainder when 82 is divided by (-472)/(-34) - (-14)/119?
12
Let q be (-1)/2*(-30)/3. Suppose 0 = q*k + 18 - 98. Let x(w) = 7*w + 2. What is the remainder when x(4) is divided by k?
14
Let a(w) = -w**3 + w**2 + w + 7. Let h be a(0). Suppose l + h*o - 4*o = -7, l + 7 = 2*o. Calculate the remainder when (2/l)/(3/(-21)) is divided by 1.
0
Suppose 2*h + 0 = 16. Let k(j) = j**2 + j - 7. What is the remainder when k(-6) is divided by h?
7
Let o(x) = x**3 - 2*x**2 - 3*x. Let b be o(3). Suppose b*c = -2*c + 4. Suppose 0 = -2*q - c*q + 244. What is the remainder when q is divided by 21?
19
Suppose 2*t - 52 = -a + 44, 3*a = 2*t - 80. Calculate the remainder when t is divided by 8.
6
Suppose 3*u = -2*h + 7*u + 84, u - 150 = -4*h. What is the remainder when 151 is divided by h?
37
Calculate the remainder when 68 is divided by (28/(-5))/(10/(-25)).
12
Let x be ((-2)/(-6))/(4/24). Suppose 4*r = -8, x*l + 3*r = 4*l - 36. What is the remainder when 27 is divided by l?
12
Suppose 3*t = h + 111, -60 - 96 = -4*t + 4*h. Suppose -t = -3*r - 3*n, -3*n = -0*r + 5*r - 54. Calculate the remainder when 24 is divided by r.
6
Suppose 10 + 30 = 5*q. Calculate the remainder when 13 is divided by q.
5
Let h be 1*(2 - -17*2). Let r = 6 + h. What is the remainder when r is divided by 22?
20
Let b(n) = -13*n - 2. Let l = -17 - -30. Calculate the remainder when b(-2) is divided by l.
11
Suppose 2 = 3*u + 5. Let z = u + 1. Suppose 4*h + 3*l - 54 = -z*l, 2*l - 64 = -5*h. Calculate the remainder when 22 is divided by h.
10
Let i(q) = q**3 - q + 2. Let x be i(-2). Let d be 16/(-12)*6/x. Let l = d - -1. Calculate the remainder when 5 is divided by l.
2
Let p = 1 + 3. Calculate the remainder when p/(-16) + (-69)/(-4) is divided by (2 - 1)/(2/18).
8
Let i = -31 + 54. Suppose 2*m - m = 14. Let u = m - 6. Calculate the remainder when i is divided by u.
7
Suppose 59 = 3*i - u - 4*u, 4*u + 61 = 3*i. Suppose -2*f = -i - 15. Suppose 1 = 5*q - f. What is the remainder when 11 is divided by q?
3
Let c = 202 + -133. What is the remainder when c is divi